{"id":319,"date":"2022-01-13T18:22:40","date_gmt":"2022-01-13T18:22:40","guid":{"rendered":"http:\/\/s897624080.online.de\/?page_id=319"},"modified":"2022-10-19T22:17:21","modified_gmt":"2022-10-19T22:17:21","slug":"historie","status":"publish","type":"page","link":"https:\/\/saegewerk-enders.de\/en\/historie\/","title":{"rendered":"History"},"content":{"rendered":"<div data-elementor-type=\"wp-page\" data-elementor-id=\"319\" class=\"elementor elementor-319\" data-elementor-post-type=\"page\">\n\t\t\t\t\t\t<section class=\"elementor-section elementor-top-section elementor-element elementor-element-257e07b elementor-section-full_width elementor-section-height-min-height elementor-section-content-top elementor-section-items-top elementor-section-height-default\" data-id=\"257e07b\" data-element_type=\"section\" data-e-type=\"section\" data-settings=\"{&quot;background_background&quot;:&quot;classic&quot;}\">\n\t\t\t\t\t\t<div class=\"elementor-container elementor-column-gap-default\">\n\t\t\t\t\t<div class=\"elementor-column elementor-col-100 elementor-top-column elementor-element elementor-element-d0685d0\" data-id=\"d0685d0\" data-element_type=\"column\" data-e-type=\"column\">\n\t\t\t<div class=\"elementor-widget-wrap\">\n\t\t\t\t\t\t\t<\/div>\n\t\t<\/div>\n\t\t\t\t\t<\/div>\n\t\t<\/section>\n\t\t\t\t<section class=\"elementor-section elementor-top-section elementor-element elementor-element-2429ccb2 elementor-section-boxed elementor-section-height-default elementor-section-height-default\" data-id=\"2429ccb2\" data-element_type=\"section\" data-e-type=\"section\">\n\t\t\t\t\t\t<div class=\"elementor-container elementor-column-gap-default\">\n\t\t\t\t\t<div class=\"elementor-column elementor-col-100 elementor-top-column elementor-element elementor-element-56f3f9aa\" data-id=\"56f3f9aa\" data-element_type=\"column\" data-e-type=\"column\">\n\t\t\t<div class=\"elementor-widget-wrap elementor-element-populated\">\n\t\t\t\t\t\t<div class=\"elementor-element elementor-element-35f747f3 elementor-widget elementor-widget-heading\" data-id=\"35f747f3\" data-element_type=\"widget\" data-e-type=\"widget\" data-widget_type=\"heading.default\">\n\t\t\t\t<div class=\"elementor-widget-container\">\n\t\t\t\t\t<h1 class=\"elementor-heading-title elementor-size-default\">THE HISTORY OF THE SAWMILL<\/h1>\t\t\t\t<\/div>\n\t\t\t\t<\/div>\n\t\t\t\t\t<\/div>\n\t\t<\/div>\n\t\t\t\t\t<\/div>\n\t\t<\/section>\n\t\t\t\t<section class=\"elementor-section elementor-top-section elementor-element elementor-element-0ab47c0 elementor-section-boxed elementor-section-height-default elementor-section-height-default\" data-id=\"0ab47c0\" data-element_type=\"section\" data-e-type=\"section\">\n\t\t\t\t\t\t<div class=\"elementor-container elementor-column-gap-default\">\n\t\t\t\t\t<div class=\"elementor-column elementor-col-100 elementor-top-column elementor-element elementor-element-1eb2b13\" data-id=\"1eb2b13\" data-element_type=\"column\" data-e-type=\"column\">\n\t\t\t<div class=\"elementor-widget-wrap elementor-element-populated\">\n\t\t\t\t\t\t<div class=\"elementor-element elementor-element-7d0eb25 elementor-widget elementor-widget-text-editor\" data-id=\"7d0eb25\" data-element_type=\"widget\" data-e-type=\"widget\" data-widget_type=\"text-editor.default\">\n\t\t\t\t<div class=\"elementor-widget-container\">\n\t\t\t\t\t\t\t\t\t<ul><li>In the second half of the 19th century, the former <strong>Becker sawmill<\/strong> was a flourishing \nbusiness in the region and an important employer for the community of St. Thomas and the region. After the company ceased operations in the 1980s, the premises were unused for \nyears<br \/><br \/><\/li><li>In <strong>1996<\/strong> Alois Enders founded the <strong>timber business<\/strong> and began the structured <strong>reconstruction of the factory site.<\/strong>.<br \/><br \/><\/li><li>After the first successful business years, the company was <strong>2006<\/strong> re- <strong>named<\/strong> to <strong>S\u00e4gewerk Alois Enders GmbH &amp; CO. KG in 2006.<\/strong>.<br \/><br \/><\/li><li>In <strong>2013<\/strong> , <strong>shareholder Christoph Klankert<\/strong> strengthened the company management, which from then on consisted of the company founder and shareholder <strong>Alois Enders<\/strong>, procurator <strong>Hedi Enders<\/strong> and <strong>shareholder Christoph Klankert<\/strong> .<br \/><br \/><\/li><li>In the <strong>following years<\/strong> , <strong>Sawmill Enders<\/strong> distinguished itself through constant <strong>investments in buildings and technical equipment.<\/strong> The <strong>work processes<\/strong> were and are permanently <strong>optimised<\/strong> and the company's <strong>own energy supply<\/strong> with renewable energy expanded. \nToday, the company has established itself as an <strong>innovative and efficient business<\/strong> in the industry and can consistently hold its own in the market.<\/li><\/ul>\t\t\t\t\t\t\t\t<\/div>\n\t\t\t\t<\/div>\n\t\t\t\t\t<\/div>\n\t\t<\/div>\n\t\t\t\t\t<\/div>\n\t\t<\/section>\n\t\t\t\t<section class=\"elementor-section elementor-top-section elementor-element elementor-element-5f91d9c elementor-section-boxed elementor-section-height-default elementor-section-height-default\" data-id=\"5f91d9c\" data-element_type=\"section\" data-e-type=\"section\">\n\t\t\t\t\t\t<div class=\"elementor-container elementor-column-gap-default\">\n\t\t\t\t\t<div class=\"elementor-column elementor-col-100 elementor-top-column elementor-element elementor-element-71bb507\" data-id=\"71bb507\" data-element_type=\"column\" data-e-type=\"column\">\n\t\t\t<div class=\"elementor-widget-wrap elementor-element-populated\">\n\t\t\t\t\t\t<div class=\"elementor-element elementor-element-a07d99c elementor-arrows-position-inside elementor-pagination-position-outside elementor-widget elementor-widget-image-carousel\" data-id=\"a07d99c\" data-element_type=\"widget\" data-e-type=\"widget\" data-settings=\"{&quot;navigation&quot;:&quot;both&quot;,&quot;autoplay&quot;:&quot;yes&quot;,&quot;pause_on_hover&quot;:&quot;yes&quot;,&quot;pause_on_interaction&quot;:&quot;yes&quot;,&quot;autoplay_speed&quot;:5000,&quot;infinite&quot;:&quot;yes&quot;,&quot;speed&quot;:500}\" data-widget_type=\"image-carousel.default\">\n\t\t\t\t<div class=\"elementor-widget-container\">\n\t\t\t\t\t\t\t<div class=\"elementor-image-carousel-wrapper swiper\" role=\"region\" aria-roledescription=\"carousel\" aria-label=\"Bild Karussell\" dir=\"ltr\">\n\t\t\t<div class=\"elementor-image-carousel swiper-wrapper\" aria-live=\"off\">\n\t\t\t\t\t\t\t\t<div class=\"swiper-slide\" role=\"group\" aria-roledescription=\"slide\" aria-label=\"1 von 6\"><figure class=\"swiper-slide-inner\"><img decoding=\"async\" class=\"swiper-slide-image\" src=\"https:\/\/saegewerk-enders.de\/wp-content\/uploads\/2022\/01\/Saegewerk-BECKER_1024Px-300x242.jpg\" alt=\"Altes S\u00e4gewerk Becker in St. Thomas\" \/><\/figure><\/div><div class=\"swiper-slide\" role=\"group\" aria-roledescription=\"slide\" aria-label=\"2 von 6\"><figure class=\"swiper-slide-inner\"><img decoding=\"async\" class=\"swiper-slide-image\" src=\"https:\/\/saegewerk-enders.de\/wp-content\/uploads\/2022\/01\/Histirisches-Foto_04_1024Px-300x207.jpg\" alt=\"Altes S\u00e4gewerk Becker in St. Thomas\" \/><\/figure><\/div><div class=\"swiper-slide\" role=\"group\" aria-roledescription=\"slide\" aria-label=\"3 von 6\"><figure class=\"swiper-slide-inner\"><img decoding=\"async\" class=\"swiper-slide-image\" src=\"https:\/\/saegewerk-enders.de\/wp-content\/uploads\/2022\/01\/Histirisches-Foto_03_1024Px-300x195.jpg\" alt=\"Altes S\u00e4gewerk Becker in St. Thomas\" \/><\/figure><\/div><div class=\"swiper-slide\" role=\"group\" aria-roledescription=\"slide\" aria-label=\"4 von 6\"><figure class=\"swiper-slide-inner\"><img decoding=\"async\" class=\"swiper-slide-image\" src=\"https:\/\/saegewerk-enders.de\/wp-content\/uploads\/2022\/01\/Histirisches-Foto_01_1024Px-300x220.jpg\" alt=\"Altes S\u00e4gewerk Becker in St. Thomas\" \/><\/figure><\/div><div class=\"swiper-slide\" role=\"group\" aria-roledescription=\"slide\" aria-label=\"5 von 6\"><figure class=\"swiper-slide-inner\"><img decoding=\"async\" class=\"swiper-slide-image\" src=\"https:\/\/saegewerk-enders.de\/wp-content\/uploads\/2022\/01\/Histirisches-Foto_02_1024Px-300x202.jpg\" alt=\"Altes S\u00e4gewerk Becker in St. Thomas\" \/><\/figure><\/div><div class=\"swiper-slide\" role=\"group\" aria-roledescription=\"slide\" aria-label=\"6 von 6\"><figure class=\"swiper-slide-inner\"><img decoding=\"async\" class=\"swiper-slide-image\" src=\"https:\/\/saegewerk-enders.de\/wp-content\/uploads\/2022\/01\/Histirisches-Foto_04_1920-300x151.jpg\" alt=\"Altes S\u00e4gewerk Becker in St. Thomas\" \/><\/figure><\/div>\t\t\t<\/div>\n\t\t\t\t\t\t\t\t\t\t\t\t<div class=\"elementor-swiper-button elementor-swiper-button-prev\" role=\"button\" tabindex=\"0\">\n\t\t\t\t\t\t<i aria-hidden=\"true\" class=\"eicon-chevron-left\"><\/i>\t\t\t\t\t<\/div>\n\t\t\t\t\t<div class=\"elementor-swiper-button elementor-swiper-button-next\" role=\"button\" tabindex=\"0\">\n\t\t\t\t\t\t<i aria-hidden=\"true\" class=\"eicon-chevron-right\"><\/i>\t\t\t\t\t<\/div>\n\t\t\t\t\n\t\t\t\t\t\t\t\t\t<div class=\"swiper-pagination\"><\/div>\n\t\t\t\t\t\t\t\t\t<\/div>\n\t\t\t\t\t\t<\/div>\n\t\t\t\t<\/div>\n\t\t\t\t\t<\/div>\n\t\t<\/div>\n\t\t\t\t\t<\/div>\n\t\t<\/section>\n\t\t\t\t<section class=\"elementor-section elementor-top-section elementor-element elementor-element-25585916 elementor-section-boxed elementor-section-height-default elementor-section-height-default\" data-id=\"25585916\" data-element_type=\"section\" data-e-type=\"section\">\n\t\t\t\t\t\t<div class=\"elementor-container elementor-column-gap-default\">\n\t\t\t\t\t<div class=\"elementor-column elementor-col-33 elementor-top-column elementor-element elementor-element-15ffc42e\" data-id=\"15ffc42e\" data-element_type=\"column\" data-e-type=\"column\">\n\t\t\t<div class=\"elementor-widget-wrap elementor-element-populated\">\n\t\t\t\t\t\t<div class=\"elementor-element elementor-element-77a439cd elementor-align-center elementor-widget elementor-widget-button\" data-id=\"77a439cd\" data-element_type=\"widget\" data-e-type=\"widget\" data-widget_type=\"button.default\">\n\t\t\t\t<div class=\"elementor-widget-container\">\n\t\t\t\t\t\t\t\t\t<div class=\"elementor-button-wrapper\">\n\t\t\t\t\t<a class=\"elementor-button elementor-button-link elementor-size-sm\" href=\"http:\/\/saegewerk-enders.de\/en\/hauptprodukte\/\">\n\t\t\t\t\t\t<span class=\"elementor-button-content-wrapper\">\n\t\t\t\t\t\t\t\t\t<span class=\"elementor-button-text\">Main Products<\/span>\n\t\t\t\t\t<\/span>\n\t\t\t\t\t<\/a>\n\t\t\t\t<\/div>\n\t\t\t\t\t\t\t\t<\/div>\n\t\t\t\t<\/div>\n\t\t\t\t\t<\/div>\n\t\t<\/div>\n\t\t\t\t<div class=\"elementor-column elementor-col-33 elementor-top-column elementor-element elementor-element-207be42b\" data-id=\"207be42b\" data-element_type=\"column\" data-e-type=\"column\">\n\t\t\t<div class=\"elementor-widget-wrap elementor-element-populated\">\n\t\t\t\t\t\t<div class=\"elementor-element elementor-element-6dff69e5 elementor-align-center elementor-widget elementor-widget-button\" data-id=\"6dff69e5\" data-element_type=\"widget\" data-e-type=\"widget\" data-widget_type=\"button.default\">\n\t\t\t\t<div class=\"elementor-widget-container\">\n\t\t\t\t\t\t\t\t\t<div class=\"elementor-button-wrapper\">\n\t\t\t\t\t<a class=\"elementor-button elementor-button-link elementor-size-sm\" href=\"http:\/\/saegewerk-enders.de\/en\/nebenprodukte\/\">\n\t\t\t\t\t\t<span class=\"elementor-button-content-wrapper\">\n\t\t\t\t\t\t\t\t\t<span class=\"elementor-button-text\">Wood Residues<\/span>\n\t\t\t\t\t<\/span>\n\t\t\t\t\t<\/a>\n\t\t\t\t<\/div>\n\t\t\t\t\t\t\t\t<\/div>\n\t\t\t\t<\/div>\n\t\t\t\t\t<\/div>\n\t\t<\/div>\n\t\t\t\t<div class=\"elementor-column elementor-col-33 elementor-top-column elementor-element elementor-element-2b74f54f\" data-id=\"2b74f54f\" data-element_type=\"column\" data-e-type=\"column\">\n\t\t\t<div class=\"elementor-widget-wrap elementor-element-populated\">\n\t\t\t\t\t\t<div class=\"elementor-element elementor-element-d286e10 elementor-align-center elementor-widget elementor-widget-button\" data-id=\"d286e10\" data-element_type=\"widget\" data-e-type=\"widget\" data-widget_type=\"button.default\">\n\t\t\t\t<div class=\"elementor-widget-container\">\n\t\t\t\t\t\t\t\t\t<div class=\"elementor-button-wrapper\">\n\t\t\t\t\t<a class=\"elementor-button elementor-button-link elementor-size-sm\" href=\"http:\/\/saegewerk-enders.de\/en\/kontakt\/\">\n\t\t\t\t\t\t<span class=\"elementor-button-content-wrapper\">\n\t\t\t\t\t\t\t\t\t<span class=\"elementor-button-text\">Contact form<\/span>\n\t\t\t\t\t<\/span>\n\t\t\t\t\t<\/a>\n\t\t\t\t<\/div>\n\t\t\t\t\t\t\t\t<\/div>\n\t\t\t\t<\/div>\n\t\t\t\t\t<\/div>\n\t\t<\/div>\n\t\t\t\t\t<\/div>\n\t\t<\/section>\n\t\t\t\t<\/div>","protected":false},"excerpt":{"rendered":"<p>DIE GESCHICHTE DES S\u00c4GEWERKES In der zweiten H\u00e4lfte des 19. Jahrhunderts war das damalige S\u00e4gewerk Becker ein florierendes Unternehmen in der Region und ein bedeutender Arbeitgeber f\u00fcr die Gemeinde St. Thomas und die Region. Nachdem der Betrieb in den 1980-iger Jahren eingestellt wurde, war das Firmengel\u00e4nde jahrelang ungenutzt. Im Jahr 1996 gr\u00fcndete Alois Enders die [&hellip;]<\/p>\n","protected":false},"author":1,"featured_media":0,"parent":0,"menu_order":0,"comment_status":"closed","ping_status":"closed","template":"","meta":{"footnotes":""},"class_list":["post-319","page","type-page","status-publish","hentry"],"_links":{"self":[{"href":"https:\/\/saegewerk-enders.de\/en\/wp-json\/wp\/v2\/pages\/319","targetHints":{"allow":["GET"]}}],"collection":[{"href":"https:\/\/saegewerk-enders.de\/en\/wp-json\/wp\/v2\/pages"}],"about":[{"href":"https:\/\/saegewerk-enders.de\/en\/wp-json\/wp\/v2\/types\/page"}],"author":[{"embeddable":true,"href":"https:\/\/saegewerk-enders.de\/en\/wp-json\/wp\/v2\/users\/1"}],"replies":[{"embeddable":true,"href":"https:\/\/saegewerk-enders.de\/en\/wp-json\/wp\/v2\/comments?post=319"}],"version-history":[{"count":85,"href":"https:\/\/saegewerk-enders.de\/en\/wp-json\/wp\/v2\/pages\/319\/revisions"}],"predecessor-version":[{"id":4956,"href":"https:\/\/saegewerk-enders.de\/en\/wp-json\/wp\/v2\/pages\/319\/revisions\/4956"}],"wp:attachment":[{"href":"https:\/\/saegewerk-enders.de\/en\/wp-json\/wp\/v2\/media?parent=319"}],"curies":[{"name":"wp","href":"https:\/\/api.w.org\/{rel}","templated":true}]}}

<div data-elementor-type="wp-page" data-elementor-id="319" class="elementor elementor-319" data-elementor-post-type="page">
						<section class="elementor-section elementor-top-section elementor-element elementor-element-257e07b elementor-section-full_width elementor-section-height-min-height elementor-section-content-top elementor-section-items-top elementor-section-height-default" data-id="257e07b" data-element_type="section" data-e-type="section" data-settings="{&quot;background_background&quot;:&quot;classic&quot;}">
						<div class="elementor-container elementor-column-gap-default">
					<div class="elementor-column elementor-col-100 elementor-top-column elementor-element elementor-element-d0685d0" data-id="d0685d0" data-element_type="column" data-e-type="column">
			<div class="elementor-widget-wrap">
							</div>
		</div>
					</div>
		</section>
				<section class="elementor-section elementor-top-section elementor-element elementor-element-2429ccb2 elementor-section-boxed elementor-section-height-default elementor-section-height-default" data-id="2429ccb2" data-element_type="section" data-e-type="section">
						<div class="elementor-container elementor-column-gap-default">
					<div class="elementor-column elementor-col-100 elementor-top-column elementor-element elementor-element-56f3f9aa" data-id="56f3f9aa" data-element_type="column" data-e-type="column">
			<div class="elementor-widget-wrap elementor-element-populated">
						<div class="elementor-element elementor-element-35f747f3 elementor-widget elementor-widget-heading" data-id="35f747f3" data-element_type="widget" data-e-type="widget" data-widget_type="heading.default">
				<div class="elementor-widget-container">
					<h1 class="elementor-heading-title elementor-size-default">THE HISTORY OF THE SAWMILL</h1>				</div>
				</div>
					</div>
		</div>
					</div>
		</section>
				<section class="elementor-section elementor-top-section elementor-element elementor-element-0ab47c0 elementor-section-boxed elementor-section-height-default elementor-section-height-default" data-id="0ab47c0" data-element_type="section" data-e-type="section">
						<div class="elementor-container elementor-column-gap-default">
					<div class="elementor-column elementor-col-100 elementor-top-column elementor-element elementor-element-1eb2b13" data-id="1eb2b13" data-element_type="column" data-e-type="column">
			<div class="elementor-widget-wrap elementor-element-populated">
						<div class="elementor-element elementor-element-7d0eb25 elementor-widget elementor-widget-text-editor" data-id="7d0eb25" data-element_type="widget" data-e-type="widget" data-widget_type="text-editor.default">
				<div class="elementor-widget-container">
									<ul><li>In the second half of the 19th century, the former <strong>Becker sawmill</strong> was a flourishing 
business in the region and an important employer for the community of St. Thomas and the region. After the company ceased operations in the 1980s, the premises were unused for 
years<br /><br /></li><li>In <strong>1996</strong> Alois Enders founded the <strong>timber business</strong> and began the structured <strong>reconstruction of the factory site.</strong>.<br /><br /></li><li>After the first successful business years, the company was <strong>2006</strong> re- <strong>named</strong> to <strong>Sägewerk Alois Enders GmbH &amp; CO. KG in 2006.</strong>.<br /><br /></li><li>In <strong>2013</strong> , <strong>shareholder Christoph Klankert</strong> strengthened the company management, which from then on consisted of the company founder and shareholder <strong>Alois Enders</strong>, procurator <strong>Hedi Enders</strong> and <strong>shareholder Christoph Klankert</strong> .<br /><br /></li><li>In the <strong>following years</strong> , <strong>Sawmill Enders</strong> distinguished itself through constant <strong>investments in buildings and technical equipment.</strong> The <strong>work processes</strong> were and are permanently <strong>optimised</strong> and the company's <strong>own energy supply</strong> with renewable energy expanded. 
Today, the company has established itself as an <strong>innovative and efficient business</strong> in the industry and can consistently hold its own in the market.</li></ul>								</div>
				</div>
					</div>
		</div>
					</div>
		</section>
				<section class="elementor-section elementor-top-section elementor-element elementor-element-5f91d9c elementor-section-boxed elementor-section-height-default elementor-section-height-default" data-id="5f91d9c" data-element_type="section" data-e-type="section">
						<div class="elementor-container elementor-column-gap-default">
					<div class="elementor-column elementor-col-100 elementor-top-column elementor-element elementor-element-71bb507" data-id="71bb507" data-element_type="column" data-e-type="column">
			<div class="elementor-widget-wrap elementor-element-populated">
						<div class="elementor-element elementor-element-a07d99c elementor-arrows-position-inside elementor-pagination-position-outside elementor-widget elementor-widget-image-carousel" data-id="a07d99c" data-element_type="widget" data-e-type="widget" data-settings="{&quot;navigation&quot;:&quot;both&quot;,&quot;autoplay&quot;:&quot;yes&quot;,&quot;pause_on_hover&quot;:&quot;yes&quot;,&quot;pause_on_interaction&quot;:&quot;yes&quot;,&quot;autoplay_speed&quot;:5000,&quot;infinite&quot;:&quot;yes&quot;,&quot;speed&quot;:500}" data-widget_type="image-carousel.default">
				<div class="elementor-widget-container">
							<div class="elementor-image-carousel-wrapper swiper" role="region" aria-roledescription="carousel" aria-label="Bild Karussell" dir="ltr">
			<div class="elementor-image-carousel swiper-wrapper" aria-live="off">
								<div class="swiper-slide" role="group" aria-roledescription="slide" aria-label="1 von 6"><figure class="swiper-slide-inner"><img decoding="async" class="swiper-slide-image" src="https://saegewerk-enders.de/wp-content/uploads/2022/01/Saegewerk-BECKER_1024Px-300x242.jpg" alt="Altes Sägewerk Becker in St. Thomas" /></figure></div><div class="swiper-slide" role="group" aria-roledescription="slide" aria-label="2 von 6"><figure class="swiper-slide-inner"><img decoding="async" class="swiper-slide-image" src="https://saegewerk-enders.de/wp-content/uploads/2022/01/Histirisches-Foto_04_1024Px-300x207.jpg" alt="Altes Sägewerk Becker in St. Thomas" /></figure></div><div class="swiper-slide" role="group" aria-roledescription="slide" aria-label="3 von 6"><figure class="swiper-slide-inner"><img decoding="async" class="swiper-slide-image" src="https://saegewerk-enders.de/wp-content/uploads/2022/01/Histirisches-Foto_03_1024Px-300x195.jpg" alt="Altes Sägewerk Becker in St. Thomas" /></figure></div><div class="swiper-slide" role="group" aria-roledescription="slide" aria-label="4 von 6"><figure class="swiper-slide-inner"><img decoding="async" class="swiper-slide-image" src="https://saegewerk-enders.de/wp-content/uploads/2022/01/Histirisches-Foto_01_1024Px-300x220.jpg" alt="Altes Sägewerk Becker in St. Thomas" /></figure></div><div class="swiper-slide" role="group" aria-roledescription="slide" aria-label="5 von 6"><figure class="swiper-slide-inner"><img decoding="async" class="swiper-slide-image" src="https://saegewerk-enders.de/wp-content/uploads/2022/01/Histirisches-Foto_02_1024Px-300x202.jpg" alt="Altes Sägewerk Becker in St. Thomas" /></figure></div><div class="swiper-slide" role="group" aria-roledescription="slide" aria-label="6 von 6"><figure class="swiper-slide-inner"><img decoding="async" class="swiper-slide-image" src="https://saegewerk-enders.de/wp-content/uploads/2022/01/Histirisches-Foto_04_1920-300x151.jpg" alt="Altes Sägewerk Becker in St. Thomas" /></figure></div>			</div>
												<div class="elementor-swiper-button elementor-swiper-button-prev" role="button" tabindex="0">
						<i aria-hidden="true" class="eicon-chevron-left"></i>					</div>
					<div class="elementor-swiper-button elementor-swiper-button-next" role="button" tabindex="0">
						<i aria-hidden="true" class="eicon-chevron-right"></i>					</div>
				
									<div class="swiper-pagination"></div>
									</div>
						</div>
				</div>
					</div>
		</div>
					</div>
		</section>
				<section class="elementor-section elementor-top-section elementor-element elementor-element-25585916 elementor-section-boxed elementor-section-height-default elementor-section-height-default" data-id="25585916" data-element_type="section" data-e-type="section">
						<div class="elementor-container elementor-column-gap-default">
					<div class="elementor-column elementor-col-33 elementor-top-column elementor-element elementor-element-15ffc42e" data-id="15ffc42e" data-element_type="column" data-e-type="column">
			<div class="elementor-widget-wrap elementor-element-populated">
						<div class="elementor-element elementor-element-77a439cd elementor-align-center elementor-widget elementor-widget-button" data-id="77a439cd" data-element_type="widget" data-e-type="widget" data-widget_type="button.default">
				<div class="elementor-widget-container">
									<div class="elementor-button-wrapper">
					<a class="elementor-button elementor-button-link elementor-size-sm" href="http://saegewerk-enders.de/en/hauptprodukte/">
						<span class="elementor-button-content-wrapper">
									<span class="elementor-button-text">Main Products</span>
					</span>
					</a>
				</div>
								</div>
				</div>
					</div>
		</div>
				<div class="elementor-column elementor-col-33 elementor-top-column elementor-element elementor-element-207be42b" data-id="207be42b" data-element_type="column" data-e-type="column">
			<div class="elementor-widget-wrap elementor-element-populated">
						<div class="elementor-element elementor-element-6dff69e5 elementor-align-center elementor-widget elementor-widget-button" data-id="6dff69e5" data-element_type="widget" data-e-type="widget" data-widget_type="button.default">
				<div class="elementor-widget-container">
									<div class="elementor-button-wrapper">
					<a class="elementor-button elementor-button-link elementor-size-sm" href="http://saegewerk-enders.de/en/nebenprodukte/">
						<span class="elementor-button-content-wrapper">
									<span class="elementor-button-text">Wood Residues</span>
					</span>
					</a>
				</div>
								</div>
				</div>
					</div>
		</div>
				<div class="elementor-column elementor-col-33 elementor-top-column elementor-element elementor-element-2b74f54f" data-id="2b74f54f" data-element_type="column" data-e-type="column">
			<div class="elementor-widget-wrap elementor-element-populated">
						<div class="elementor-element elementor-element-d286e10 elementor-align-center elementor-widget elementor-widget-button" data-id="d286e10" data-element_type="widget" data-e-type="widget" data-widget_type="button.default">
				<div class="elementor-widget-container">
									<div class="elementor-button-wrapper">
					<a class="elementor-button elementor-button-link elementor-size-sm" href="http://saegewerk-enders.de/en/kontakt/">
						<span class="elementor-button-content-wrapper">
									<span class="elementor-button-text">Contact form</span>
					</span>
					</a>
				</div>
								</div>
				</div>
					</div>
		</div>
					</div>
		</section>
				</div>

<p>DIE GESCHICHTE DES SÄGEWERKES In der zweiten Hälfte des 19. Jahrhunderts war das damalige Sägewerk Becker ein florierendes Unternehmen in der Region und ein bedeutender Arbeitgeber für die Gemeinde St. Thomas und die Region. Nachdem der Betrieb in den 1980-iger Jahren eingestellt wurde, war das Firmengelände jahrelang ungenutzt. Im Jahr 1996 gründete Alois Enders die [&hellip;]</p>
